5817229 composite?
False
Is 364089133 prime?
False
Is 57830261 a prime number?
False
Is 20264486003 a composite number?
True
Is 2695905683 composite?
True
Is 2947773541 a prime number?
False
Is 102688829 a composite number?
False
Is 5404129631 prime?
True
Is 7113620543 composite?
False
Is 12986456849 prime?
True
Is 2556817847 a prime number?
False
Is 25882009787 a composite number?
False
Is 12137720993 composite?
False
Is 1358165489 a prime number?
False
Is 271052363 a prime number?
False
Is 406294579 prime?
True
Is 338192557 a prime number?
True
Is 3575789957 a prime number?
True
Is 2979210274 a prime number?
False
Is 35233930205 composite?
True
Is 399770837 a prime number?
True
Is 59716963471 prime?
False
Is 238299773 a composite number?
True
Is 4923643189 composite?
True
Is 16576620799 a prime number?
True
Is 99213281 prime?
False
Is 46036901 composite?
True
Is 1733649343 a composite number?
False
Is 12121048747 a prime number?
True
Is 6034891267 a prime number?
True
Is 4900877 a composite number?
False
Is 5206834541 a composite number?
True
Is 780246485 a composite number?
True
Is 394423006 prime?
False
Is 35190414167 a composite number?
False
Is 3337032953 prime?
True
Is 254250037 composite?
True
Is 125007367 prime?
False
Is 5170023167 a composite number?
True
Is 9390846073 a prime number?
False
Is 16792150003 a composite number?
False
Is 3808002241 composite?
False
Is 1179602383 a prime number?
True
Is 1180373713 composite?
False
Is 233179277 prime?
False
Is 28004818169 a composite number?
True
Is 7100187679 composite?
True
Is 102926107289 prime?
False
Is 476480111 a prime number?
True
Is 24286083667 composite?
True
Is 1617112619 a composite number?
True
Is 20288314949 a prime number?
False
Is 2262498673 a composite number?
False
Is 2463510539 a prime number?
False
Is 8550566923 a composite number?
False
Is 3663357443 composite?
False
Is 187610805743 composite?
False
Is 9230774017 prime?
True
Is 17383848749 a prime number?
True
Is 308248217 prime?
False
Is 8978117 prime?
True
Is 10032423839 prime?
True
Is 9519070073 prime?
True
Is 2433421877 composite?
False
Is 27835580021 a composite number?
False
Is 2327209343 a prime number?
True
Is 2119151033 a composite number?
False
Is 33453468707 a prime number?
False
Is 38758079621 a prime number?
True
Is 27826575527 prime?
False
Is 718033951 composite?
True
Is 48345384599 a prime number?
True
Is 2529240619 composite?
False
Is 743136533 a prime number?
False
Is 11314560143 prime?
True
Is 9709037021 prime?
False
Is 49793431 prime?
True
Is 13493818703 a composite number?
False
Is 5638549427 a composite number?
True
Is 130666213 composite?
False
Is 11046167063 a prime number?
False
Is 4907689207 composite?
True
Is 18446965091 a composite number?
False
Is 67984701545 composite?
True
Is 29821703449 composite?
False
Is 18564721205 composite?
True
Is 4563914359 composite?
True
Is 1947665609 composite?
True
Is 50050323434 a composite number?
True
Is 42126360839 a composite number?
True
Is 3230920367 a prime number?
False
Is 32285735429 composite?
False
Is 16040637727 a prime number?
True
Is 6544705481 composite?
True
Is 97799248147 a composite number?
False
Is 16103038801 composite?
False
Is 14339810669 prime?
True
Is 19597292927 prime?
True
Is 802570801 prime?
True
Is 17235876221 composite?
False
Is 771068603 composite?
True
Is 3921082001 a composite number?
False
Is 15682601149 composite?
False
Is 149971907 prime?
True
Is 9653792219 composite?
True
Is 2430064391 a composite number?
True
Is 177664171 a prime number?
False
Is 106695833369 composite?
False
Is 11098639483 composite?
True
Is 3156945769 a composite number?
False
Is 1169824027 prime?
True
Is 400044809 a prime number?
False
Is 2397883291 composite?
False
Is 461994433 a composite number?
False
Is 37847813 a prime number?
False
Is 4696814909 a composite number?
False
Is 4513407659 prime?
True
Is 632121587 a composite number?
False
Is 1047346697 composite?
False
Is 109298353 a composite number?
False
Is 726785677 composite?
False
Is 679279733 composite?
True
Is 62518829 a composite number?
True
Is 6413236514 a composite number?
True
Is 15192408943 composite?
True
Is 5057652937 a prime number?
True
Is 146080508338 prime?
False
Is 23649270977 a composite number?
True
Is 446802249 prime?
False
Is 78195723709 a prime number?
False
Is 41913956111 composite?
False
Is 155472509 a prime number?
False
Is 49172290507 a prime number?
False
Is 97648708085 composite?
True
Is 4267001383 prime?
True
Is 8167147 a prime number?
True
Is 586298891 a prime number?
True
Is 3306003733 a composite number?
False
Is 487440113 a composite number?
False
Is 10996694845 a composite number?
True
Is 2824034141 composite?
True
Is 8192331473 a composite number?
True
Is 647634751 a prime number?
True
Is 5512124141 a prime number?
True
Is 772824617 prime?
True
Is 1931022721 prime?
True
Is 730839829 prime?
True
Is 197657288827 a composite number?
False
Is 78588493 a composite number?
True
Is 199948843 a composite number?
False
Is 20438693383 prime?
True
Is 94958657 a prime number?
True
Is 67237519849 a composite number?
False
Is 10609715513 a prime number?
True
Is 18475669 composite?
True
Is 2653599469 a composite number?
False
Is 397502099 a composite number?
False
Is 5328049319 a prime number?
True
Is 905147597 a prime number?
False
Is 151086539 composite?
True
Is 782037897 a composite number?
True
Is 20112897373 prime?
False
Is 195084011 a prime number?
True
Is 27603224245 a prime number?
False
Is 387030821 a prime number?
False
Is 5558147939 composite?
False
Is 20699403799 prime?
False
Is 1061342651 composite?
False
Is 18325527473 prime?
False
Is 56566425943 composite?
False
Is 15623195141 a composite number?
False
Is 466655897 a composite number?
False
Is 923759477 prime?
False
Is 74897507 a prime number?
False
Is 464441689 a composite number?
True
Is 11753861893 a prime number?
False
Is 4434839161 a prime number?
False
Is 300968995 a prime number?
False
Is 5463200087 composite?
True
Is 1896015961 prime?
False
Is 17140090945 a prime number?
False
Is 3561257939 a composite number?
False
Is 2242476043 prime?
True
Is 3552662213 a composite number?
False
Is 4754266337 composite?
False
Is 2135298757 composite?
False
Is 657414301 prime?
True
Is 785207261 composite?
False
Is 153023214563 a prime number?
True
Is 448743989 a prime number?
True
Is 549493289 a composite number?
False
Is 413426249 a prime number?
False
Is 13674478331 a prime number?
True
Is 13140109 a prime number?
True
Is 5365993519 a prime number?
False
Is 26468455877 composite?
True
Is 9009074857 a composite number?
False
Is 35045884907 prime?
False
Is 15173100721 composite?
False
Is 621640843 composite?
True
Is 254480243227 prime?
False
Is 2215188781 composite?
True
Is 35802098097 a prime number?
False
Is 28658249521 a composite number?
True
Is 35994600233 composite?
False
Is 13631048831 a composite number?
True
Is 5217738629 composite?
True
Is 3737608907 a composite number?
True
Is 110075423 a prime number?
True
Is 281042303 a prime number?
False
Is 216755551 a composite number?
False
Is 34296527 prime?
True
Is 920277739 prime?
True
Is 10462989683 a composite number?
False
Is 37105718891 prime?
False
Is 9865474561 a prime number?
False
Is 393547579 a prime number?
True
Is 14113744009 prime?
True
Is 255766009 prime?
True
Is 679238081 composite?
False
Is 4347184669 a composite number?
True
Is 32627093 prime?
True
Is 78626366471 a composite number?
False
Is 17279615917 a prime number?
False
Is 3294441341 composite?
True
Is 24988735087 composite?
True
Is 3141567397 prime?
True
Is 80874737623 a composite number?
True
Is 1607651951 prime?
True
Is 85627512151 a prime number?
True
Is 43033667257 a prime number?
False
Is 2162265827 a composite number?
True
Is 210552799 a prime number?
True
Is 228980243 a composite number?
False
Is 23606165111 prime?
True
Is 7914713539 composite?
True
Is 2056714963 a prime number?
True
Is 39401289373 a prime number?
True
Is 2459033839 prime?
True
Is 3302746691 composite?
False
Is 15164258873 prime?
False
Is 2824588273 a composite number?
True
Is 4816858051 a composite number?
True
Is 750820621 composite?
False
Is 884709389 a composite number?
True
Is 428740601 composite?
True
Is 166357361